te number?
False
Let y = 18 - -57. Suppose -10 + y = 5*b. Is b composite?
False
Let f be (1 + -1 - -28) + 1. Suppose 4*c - 7 = 5*c. Let r = c + f. Is r a prime number?
False
Let j(r) = -r**2 + 83. Is j(0) composite?
False
Let r = 642 + -211. Is r prime?
True
Suppose -3*d + 0*u - 3*u + 2742 = 0, u = -2*d + 1832. Suppose 3*b + 4*l = 921, -4*b + b - 3*l = -d. Is b a prime number?
False
Suppose -11*d + 3978 = 7*d. Is d prime?
False
Suppose -10*q + 1265 = -5*q. Is q a composite number?
True
Is 381 + 5/(25/(-20)) prime?
False
Let w(k) = 2*k**3 + 2*k**2 + 2*k - 11. Let l be w(5). Suppose t + 108 = l. Is t a prime number?
True
Let f = 710 + -148. Is f a prime number?
False
Let g = 0 - -5. Let r(f) = 26*f - 9. Is r(g) a prime number?
False
Is 1*(-3 - -18 - 2) a prime number?
True
Let a(z) = -81*z**3 + 3*z**2 + 2*z - 1. Is a(-2) composite?
True
Let a(b) = b**3 + 22*b**2 + 31*b + 23. Is a(-17) composite?
False
Suppose 21*f - 23*f = -4102. Is f prime?
False
Let v = 7 + -4. Suppose v*z = 4*y + 6, -7 = -5*z - y + 3. Suppose -b + 63 = z*b. Is b a prime number?
False
Suppose 7 = 2*j + 5*g, 5*g + 20 = 3*j - 3. Is (-95)/(-3)*j/2 a composite number?
True
Let k = -1643 - -2584. Is k prime?
True
Let a(n) = -9*n**3 - 21*n**2 - 6*n - 13. Is a(-10) a prime number?
True
Let h = 1389 - 314. Suppose -4*t - h = 6*f - f, -4*f = -2*t - 518. Is t/15*(-1 + -2) composite?
False
Suppose 0 = -3*t + t + 3778. Is t a prime number?
True
Suppose -2*c = 2*p - 12, 70 = -4*c + 9*c - 3*p. Suppose -c = -5*z + 14. Suppose 139 - 1074 = -z*t. Is t prime?
False
Suppose m = -4 - 8. Let k be -12*(-3 + 27/m). Suppose k = 4*q - 701. Is q prime?
True
Let x be 57/3 + -1 + 1. Suppose 18 = k - x. Is k composite?
False
Suppose -w + 6*w - 150 = 0. Suppose a = -a + w. Is a composite?
True
Let g = -2 + 3. Let d be (0/7)/(1/g). Suppose -4*n + 203 = 3*h - d*h, -2*n = -h + 61. Is h a prime number?
False
Let l(p) = 111*p**2 + 9*p + 17. Is l(-3) prime?
False
Suppose -8*u + u = -2149. Is u prime?
True
Let l(w) = 52*w**2 + w - 1. Is l(2) a composite number?
True
Suppose 5*c + y = 6*y + 55, 21 = 3*c + y. Suppose -4*b + c = 0, -76 = -3*a - b - 4*b. Is a prime?
False
Let w(u) = u**2 + 3*u - 9. Let j = 12 + -26. Is w(j) a composite number?
True
Let c be 12/54 - 32/(-18). Suppose -c*s = 2*s. Let b = 6 - s. Is b a prime number?
False
Let f = 12843 + -8422. Is f a composite number?
False
Suppose 0 = 5*x - 0*x - 15. Let w(f) = -f**2 - 11*f - 8. Let i be w(-10). Suppose -x*k + 11 = -i*k. Is k a prime number?
True
Let a(g) = 231*g**2 + g - 4. Let d(w) = -230*w**2 - w + 4. Let h(j) = -3*a(j) - 4*d(j). Let n be h(-3). Is (-1)/4 - n/(-16) a composite number?
False
Suppose -19*x + 18*x = -557. Is x a prime number?
True
Suppose -n + 16 = 5*x, 3*x + 4*n = 2*n + 11. Suppose 3*g + 7*w - x*w - 413 = 0, 0 = -g - 4*w + 151. Is g a prime number?
True
Let h = -14 + 27. Suppose -2*k + 14 = 2*t, t - 4*t + k + h = 0. Suppose 5*c - t*l - 60 = 0, 5*c + 24 = 2*l + 69. Is c a prime number?
True
Let n = -944 - -1449. Is n a composite number?
True
Is -38*(4 - (-63)/(-6)) a composite number?
True
Suppose 2*a = -3*r + 13, -r = 5*a + r - 5. Let l(g) = g**3 - 6*g**2 + 3. Let c be l(5). Let h = a - c. Is h prime?
False
Let v(h) = 4*h**2 - 7*h - 16. Is v(7) prime?
True
Is ((-1)/(-2))/(5/10810) prime?
False
Let m(v) = -2*v - 7. Let a be m(-5). Let p be 4/(-14) + 564/14. Suppose -a - p = -w. Is w a composite number?
False
Let t be ((-20)/(-30))/(2/15). Suppose 184 = t*g - 241. Is g composite?
True
Suppose 0 = 5*s - 2*s + 5*n + 5, 0 = 3*s - 5*n - 35. Let f(u) = -u - u + 1 + 4*u**2 + s*u. Is f(-6) composite?
False
Let f = 4 + -5. Let a be f*3/(1 - 2). Suppose -2*x - a*l - 10 = -28, 6 = 2*x - 3*l. Is x composite?
True
Suppose -9 = -4*n - 37. Let f = 14 + n. Is f a prime number?
True
Let m(h) = h**3 + h**2 - 5. Let y(i) = 4*i**3 + 5*i**2 - 19. Let a = 11 + -9. Let q(r) = a*y(r) - 9*m(r). Is q(0) prime?
True
Let w = -9 + 11. Suppose 4 = t, t = -5*i - w*t + 4787. Suppose 2*g = -3*g + i. Is g a prime number?
True
Let t be 3/(-9) - 3936/(-9). Let v = -232 + t. Is v composite?
True
Let h(d) = -6*d**3 + 4*d**2 + d - 4. Is h(-3) composite?
False
Suppose -2*l + 10 = 0, 0*l = -5*m - 5*l + 220. Suppose 0 = -4*b + b + m. Is b prime?
True
Let f(l) = 64*l**2 + 3*l - 9. Is f(2) composite?
True
Let s(r) = 3*r**2 + 5*r - 4. Let i be s(3). Let f = i + -1. Is f a composite number?
False
Suppose -j + 4 + 0 = -u, 4*u + 1 = -j. Let i(q) = 3*q - 1. Let k be i(1). Is k/(u/(326/(-4))) prime?
True
Suppose 4*m + 94 = 3*v, 0 = -3*v - 3*m + 76 - 10. Suppose -70 + v = -4*q. Suppose -g + 11 = -q. Is g a composite number?
True
Is ((-1185)/(-45))/((-1)/(-3)) a composite number?
False
Let m(o) = -7. Let h(i) = -i**2 - i - 1. Let b(t) = -2*h(t) + m(t). Let r be b(4). Is -1 + r + (-2 - -3) a prime number?
False
Let d = -341 + 750. Is d a composite number?
False
Let u(r) = -4*r**2 + 3 + 4 + 3*r**2 - 7*r. Let i = -24 + 17. Is u(i) a prime number?
True
Suppose -3*a + 2*d = 163, 0 = -2*a - a + 4*d - 173. Let p = a - -88. Is p a composite number?
False
Let m = -166 - -293. Is m a composite number?
False
Let d(y) = y**2 + 1. Let l be (-9)/4 - 2/(-8). Let g be d(l). Suppose g*b - 115 - 220 = 0. Is b a prime number?
True
Let b be 2 - 2 - (-2 + 1). Let o = b - 2. Is ((-2)/(-3))/(o/(-33)) prime?
False
Let h = -10 - -15. Suppose 5*d + 5*a = 4185, 0 = 6*d - 4*d - h*a - 1695. Suppose d = 5*b + 5*o, 0*b + 351 = 2*b + 5*o. Is b composite?
False
Let k be (-486)/63 + (-2)/7. Is 2 + 0 - k*9 a prime number?
False
Let h = -64 + 179. Is h a prime number?
False
Suppose -2*b = 5*r + 12 - 36, -5*r = 5*b - 30. Suppose -z = -0*z + 2*x - 143, 3*z + b*x - 441 = 0. Is z a composite number?
False
Let y(d) = 4*d**2 + 3*d. Let w be y(-2). Let p = -8 - -12. Suppose -p*i = i - w. Is i prime?
True
Let v(p) = 193*p**3 + p**2. Is v(1) prime?
False
Let i = 1707 - 920. Is i prime?
True
Suppose -3*r + 319 = 64. Is r a prime number?
False
Suppose -8*a + 9*a - 251 = 0. Is a a prime number?
True
Let n(s) = -s**3 + 7*s**2 - 4*s + 7. Let d be (-2 - 6 - -2)/(-1). Let w = 12 - d. Is n(w) prime?
True
Suppose 0 = h + h. Suppose -g = -h*g - 4. Let m(v) = v**2 - 1. Is m(g) composite?
True
Let n = 2 + -1. Let r = 6 - n. Suppose -r = g - 82. Is g a composite number?
True
Let u(n) = -3*n - 8. Let b be u(7). Let k = b + 193. Suppose -k = -5*j + 561. Is j a composite number?
True
Let h(o) = 12*o**2 + 4*o + 5. Let m = 6 - -3. Suppose 0 = 2*s - 1 + m. Is h(s) a prime number?
True
Let w(d) = -37*d**3 - 2*d**2 - 5*d + 3. Is w(-4) a prime number?
False
Let v(q) = 4*q + 293. Is v(0) a prime number?
True
Let l be 1/(-4) + 13/4. Suppose 0 = b - 2*y - y - 172, 0 = l*b + 2*y - 483. Is b a composite number?
False
Suppose -10 - 2 = 4*r, 4*d = -4*r. Suppose 0*g + 9 = d*g. Suppose 2*z = -g*z + 385. Is z composite?
True
Suppose -121 = -5*n + 24. Suppose 33 = 2*j + 5*s, -2*j + 11 = -2*s - n. Is j*-1*(4 + -5) a composite number?
False
Let c be 2*(0 - (-1)/1). Let z(s) = 3 - 5 - 5 - s + s**c. Is z(-5) a prime number?
True
Let q(y) = y**2 - 1 - 8*y + 9 + 0. Let x be q(7). Is (14/8)/(x/4) prime?
True
Suppose -392 = 2*t - 4*c, 0 = -2*t - 0*c - c - 397. Let p = -7 - t. Is p a composite number?
False
Let g(k) = k**2 - 6*k - 1. Let r be g(7). Let q(x) = x**2 + 10*x - 7. Is q(r) a composite number?
False
Let u(x) = -1. Let h(t) = t**2 - t + 2. Let s(k) = 2*h(k) + 3*u(k). Let l(o) be the first derivative of s(o). Is l(7) a prime number?
False
Let h(k) = -55*k. Let r be h(-3). Let v = r - 54. Is v composite?
True
Suppose 0*c - 2*c + 1502 = 0. Let p = -348 + c. Is p a composite number?
True
Suppose 4221 = f + 562. Is f a composite number?
False
Suppose w - 507 = -2*i, 511 = w + 3*i - 0*i. Is w prime?
True
Let s = 92 + -64. Suppose -5*j + 23 = -q, -q - 3*q = 4*j - s. Suppose -j*d + 275 = 4*n, 0 = -d + n + 2*n + 55. Is d a composite number?
True
Let q(f) = f**3 - 13*f**2 + f + 13. Is q(14) prime?
True
Let y(x) = -x + 7. Let o be y(7). Suppose o*j + 3*j - 2*p = 92, -2*j + 48 = -4*p. Is j a prime number?
False
Let r(m) = m**2 - 2*m - 5. Let a be r(8). Let j = a + 68. Is j a prime number?
False
Suppose -f + 37 = r - 15, 4*f - 3*r = 194. Let v = -31 + f. Is v prime?
True
Let j = 120 + -27. Is j prime?
False
Let x be -16*((-9)/(-6) - 2). Suppose -3*i + x*i - 153 = w, -3*